s of b.
3, 5, 29
Let y be (-84 - -11)*-6*1. Let t = 1229 - y. Suppose -5*l + t - 156 = 0. List the prime factors of l.
127
Suppose -2*n + 3*p = -691, -5*n - 3*p - 413 + 2151 = 0. Let s = n + -83. Suppose -2*m - 58 = -r - s, 5*r - 20 = 0. What are the prime factors of m?
3, 5, 7
Let g = 30231 + 10153. List the prime factors of g.
2, 631
Suppose 138636 = -10*m + m + 18*m. List the prime factors of m.
2, 3851
Let g = 2298 + 5612. List the prime factors of g.
2, 5, 7, 113
Let r = 4 + -6. Let j(i) = i**3 - 25*i**2 - 2*i + 50. Let t be j(25). List the prime factors of (137/(-2) - -3)*(t + r).
131
Let c(l) = -3*l**2 + 7*l - 9. Let t(p) = -3*p**2 + 8*p - 10. Let x(i) = -7*c(i) + 6*t(i). Let f be x(-2). Suppose -f + 7 = -k. What are the prime factors of k?
2, 5
Suppose 244*j - 7874563 = -211*j + 1333727. List the prime factors of j.
2, 3, 3373
Let a(k) = -3716*k - 1458. List the prime factors of a(-4).
2, 6703
Let g(c) = 16*c**2 - 40*c - 2034. What are the prime factors of g(-34)?
2, 7, 19, 67
Suppose -o + 2*b - 5410 = -6*o, 3*b = -5*o + 5405. Suppose 214 = -5*d + o. What are the prime factors of d?
2, 3, 29
Let j(g) = g**3 + 2*g**2 - 4*g - 3. Let d be j(-3). Suppose w = 4*w + l + 136, 5*l + 5 = d. List the prime factors of 92 - (w/3)/(-5).
89
Suppose x = 2*r + 15791, -10*r - 31558 = -2*x - 9*r. List the prime factors of x.
5, 631
Let p(l) = 2*l + 0 + 19 - 2. Suppose 9*k - 6*k = -21. List the prime factors of p(k).
3
Suppose 24*z = 20*z + 8. What are the prime factors of ((-1)/z)/(3/(-3348))?
2, 3, 31
Suppose 5*g = 4*a + 106510, -6*g + a - 21293 = -7*g. What are the prime factors of g?
2, 23, 463
Let d(t) = -30*t**2 + 10*t - 7. Let m(q) = -88*q**2 + 29*q - 21. Let j(y) = 8*d(y) - 3*m(y). List the prime factors of j(4).
3, 11
Let j = 29909 - 16517. List the prime factors of j.
2, 3, 31
Let o be (-11)/(55/2) - 85786/10. Let l = 6085 + o. What are the prime factors of l/29*1/1*-1?
2, 43
Let p be (-3 + (-91)/(-5) + 0)*-235. Let j be p/(-8)*2*1. Suppose -j = -4*b + 5*q, 3*q - 233 = -b + q. What are the prime factors of b?
227
Let c be ((-957)/(-9) + -6)*9. Let d = -539 + c. What are the prime factors of d?
2, 7, 13
Suppose -2*y + 69 = -329. Let s = y - 142. Suppose -4*u = -523 - s. What are the prime factors of u?
5, 29
Suppose 5*t - 29331 = 3*s, -2*t + 11739 = 107*s - 106*s. What are the prime factors of t?
2, 3, 163
Suppose -2462 = 9*s + 2515. What are the prime factors of (-158)/s + 1/(7/6683)?
5, 191
What are the prime factors of ((-952)/168)/((-2)/1614)?
17, 269
Let z(x) = 8*x + 3. Let u be z(1). Suppose u*j - j = 4040. What are the prime factors of j?
2, 101
Let c = 1172 + -685. Let v = c - -88. What are the prime factors of v?
5, 23
Let f = -22794 + 23789. What are the prime factors of f?
5, 199
Let f = 694 + 1895. Suppose 8*n - 16 = 4*n, -f = -3*l + 3*n. What are the prime factors of l?
3, 17
Suppose 40*b + 34*b = 118495 + 137101. What are the prime factors of b?
2, 11, 157
Suppose -v + 25504 = 4*m + 3*v, 3*v = m - 6368. What are the prime factors of m?
2, 3187
Suppose -4*h + x + 15 = 0, 0 = 2*h + 3*x + x - 30. Suppose 0 = h*v - 15, -6*m + 2*v + 178 = -4*m. List the prime factors of m.
2, 23
Let i(s) = 1202*s + 3054. List the prime factors of i(16).
2, 11, 1013
Let m(s) = 39*s - 42. Let v be m(2). Suppose 18*d - v*d = -5562. What are the prime factors of d?
3, 103
Suppose j = -5*n + 5318, -3*n - 7631 = -3*j + 8413. What are the prime factors of j?
3, 13, 137
Let m = 3585 - -12316. What are the prime factors of m?
15901
List the prime factors of (-2)/(-17) + 85089/(-102)*-14.
3, 17, 229
Suppose 49*u + 286519 - 959730 = 0. What are the prime factors of u?
11, 1249
Let p(v) = 34*v - 12. Let i(r) = -272*r + 97. Let a(x) = -6*i(x) - 51*p(x). List the prime factors of a(-4).
2, 3, 73
Let t be 1/(((-2)/3)/((-34)/3)). Suppose 59 = 3*m + t. List the prime factors of (-3 + m)/1*1.
11
What are the prime factors of 1285*((-5)/(50/(-66)) + 43 + -44)?
2, 7, 257
Suppose 0 = 4*m - 12 + 4, 4*m - 10 = -2*k. What are the prime factors of ((-2972)/8)/(k/(-4))?
2, 743
Let w(s) = 4267*s - 2660. List the prime factors of w(2).
2, 3, 11, 89
Suppose -3*p - 10381 = -v - 682, 2*v = 5*p + 19401. What are the prime factors of v?
2, 3, 809
Let h be (-372)/(-52) - 6/39. What are the prime factors of (2 + -48)*((-9)/(-6) - h)?
11, 23
Suppose -17 - 19 = -6*r, -5*r = 4*o - 38574. What are the prime factors of o?
2, 3, 11, 73
Let o(n) = 2*n**2 + 15*n + 10. Let c be o(-7). Suppose 4*q + h = 1125, -3*h = -c*q + 196 + 659. Let p = q - 185. List the prime factors of p.
97
Let u(y) = -3239*y + 779. What are the prime factors of u(-5)?
2, 3, 23, 41
Let h be (124/5)/(17/5 + -3). Let a be (-7905)/h*4/(-6). Let s = a - 78. List the prime factors of s.
7
Let p(b) = b**3 + 10*b**2 - 19*b + 64. Let m be p(-12). Suppose 0*y + 8 = 2*y, 0 = m*u - 4*y - 2044. What are the prime factors of u?
5, 103
Suppose -5*b = -6 - 19. Suppose b*j - 8*c - 2185 = -3*c, -15 = 3*c. What are the prime factors of j?
2, 3
Suppose 0 = 2*r - o - 53310, -68*r + 64*r - 5*o + 106676 = 0. List the prime factors of r.
53, 503
Let a be (2180/50)/(2/5). Suppose -76*f = -85*f - 27. List the prime factors of a/f*(-3 - 0/(-2)).
109
Let i be (-3 - -3 - -2) + (6 - 6). Suppose 5*q - 2643 = -2*p, 0 = -i*q - 9*p + 5*p + 1070. What are the prime factors of q?
17, 31
Let p(l) = 2*l**3 - 25*l**2 + 53*l + 609. List the prime factors of p(28).
3, 7, 419
List the prime factors of (-18)/(-6) - (-29204)/6 - (-13)/(-39).
2, 5, 487
Suppose -5*v + 70252 = -c + 3*c, 2*c = v - 14036. What are the prime factors of v?
2, 439
Suppose 7*g - 137 = -32. What are the prime factors of 0 + (-129 + -2)/(g/(-60))?
2, 131
Let p = -163 + 187. Suppose 3*k = 5*t + 289, k - 59 = 5*t + p. What are the prime factors of k?
103
Suppose 29386 = g - 3*u, 13*g - 5*u = 18*g - 146990. Suppose 18*w - g = -1999. What are the prime factors of w?
2, 761
Suppose 4*p + 29*c = 24*c + 118741, 148422 = 5*p + 2*c. List the prime factors of p.
2, 41, 181
Let x be 5/3 - (-44)/12*11. Suppose 170 - x = 2*r. What are the prime factors of r?
2
Suppose -277*j = -2561730 - 1134281. What are the prime factors of j?
11, 1213
Suppose 3*d = -2*r + 27, d - 13*r = -9*r + 23. Suppose -d*o - 42218 = -33*o. List the prime factors of o.
19, 101
Let t(r) be the second derivative of -r**5/5 - 7*r**4/24 - 11*r**3/6 + 14*r. Let q(p) be the second derivative of t(p). List the prime factors of q(-5).
113
Let j(w) = -3*w**3 + 3*w**2 + 11*w + 40. Let t be j(-9). Suppose -151 = 5*p - t. What are the prime factors of p?
2, 3, 37
Let s = -187 + 190. Suppose 2175 = s*p - 1551. What are the prime factors of p?
2, 3, 23
Let m(f) = 2*f - 18. Let c be m(9). Suppose 4*y - 84 - 60 = c. List the prime factors of y.
2, 3
Suppose -261*s = -198*s - 51156. What are the prime factors of s?
2, 7, 29
Suppose -83*b = 218865 - 1177744 - 662941. What are the prime factors of b?
2, 5, 977
List the prime factors of 7472*(1180/(-80) - -16).
2, 5, 467
Let p = 187 - 116. Suppose 82*t = p*t + 6930. What are the prime factors of t?
2, 3, 5, 7
Let o(y) = y**3 + 8*y**2 - y + 3. Let q be o(-8). Suppose -q*s + 15*s - 20 = 0. Suppose -j - w + 93 = -4*w, -s*j + 525 = 5*w. List the prime factors of j.
2, 3, 17
What are the prime factors of (-16 - (-53 + 19)) + 11158?
2, 11, 127
Suppose -11*t + 10*t + 53 = 3*q, 2*t - 4*q - 56 = 0. What are the prime factors of (135 + -11)*(-2 - t/(-8))?
11, 31
Let i = 23167 - 11258. What are the prime factors of i?
11909
Let g(b) = -58*b - 10. Suppose 4*v + 9 + 7 = 0. Let c be (-1)/((-2 + 0)/v). List the prime factors of g(c).
2, 53
Suppose a - 24 = 2*i, -4*a - 2*i = -0*a - 56. Suppose -4*l = 4*v - 1332, 3*v - 992 = -a*l + 20*l. List the prime factors of v.
2, 83
Suppose 42*m - 12*m = 7*m + 1025800. List the prime factors of m.
2, 5, 223
Suppose 3*z + 2*z + 2*m = 20, 15 = 5*z + m. Suppose -z*t + 4*d + 23 = -t, -t + 44 = 3*d. What are the prime factors of 2106/15 - 14/t?
2, 5, 7
Let a be (-148)/1*100/(-10). Suppose -10*q + 1900 = -a. List the prime factors of q.
2, 13
Let u = 49445 - 20168. What are the prime factors of u?
3, 3253
Let p = 1 + 36. Suppose p*m - 38*m + 202 = 0. List the prime factors of m.
2, 101
Suppose 2*g + 736 = 2*u, -3*g = -5*u - 622 + 2468. Let q = 1138 - u. List the prime factors of q